emainder when b is divided by u.
21
Suppose 4*z - 2*z + 10 = 0. Calculate the remainder when 12 is divided by z/(-20) - (-38)/8.
2
Let h = 85 + -73. What is the remainder when 33 is divided by h?
9
Let q(x) = x + 28. What is the remainder when (-120)/(-5) + 0 + 1 is divided by q(-14)?
11
Suppose -n + 4*k = 5, 0 = -4*n - 5*k + 1 - 0. Let q = 6 + n. Calculate the remainder when q is divided by 2.
1
Suppose v = -5*t + 30, -v + 74 = 3*v - 3*t. What is the remainder when 39 is divided by v?
19
Let u = -35 + 48. Calculate the remainder when u is divided by 8.
5
Let t(b) = 2*b + 8. Suppose -4*z - 56 = -192. What is the remainder when z is divided by t(5)?
16
Let v = 1 + 1. Suppose -5*t - v = -6*t. Calculate the remainder when 33 is divided by -9*t/(-3)*2.
9
Calculate the remainder when 45 is divided by (14/(-3) + 2)/((-3)/18).
13
Let x(a) = 9*a + 2. Suppose 7*j + 20 = 3*j. Let w = 6 - j. What is the remainder when x(2) is divided by w?
9
Let d be 6/8 - 174/8. Let i = -12 + -17. Let w = d - i. What is the remainder when 23 is divided by w?
7
Let l = -21 - -50. What is the remainder when l is divided by 6?
5
Suppose -41 = 3*a + 5*l, 4*l + 46 = -4*a + a. Suppose 4*o - 5*o = 8. Let w = o - a. Calculate the remainder when 41 is divided by w.
13
Suppose -2*b - 2*i = 3*i - 53, 5*b - 107 = -4*i. What is the remainder when 112 is divided by b?
17
Let u(q) be the third derivative of q**6/120 - q**5/15 - q**4/6 + q**3/6 + 4*q**2. Calculate the remainder when 10 is divided by u(5).
4
Let k = 81 - 54. What is the remainder when k is divided by 10?
7
Let r(p) = p**3 + 6*p**2 + 4*p + 3. Let z be r(-3). Suppose 2*t - z = 2*f, 0 = -t + 7*f - 3*f. What is the remainder when 35 is divided by t?
11
Let w be ((-270)/(-24))/((-3)/(-8)). Let y = -15 + w. What is the remainder when 58 is divided by y?
13
Calculate the remainder when 3/1*23/3 is divided by 4/(-10) + (-1005)/(-75).
10
Let g(l) = -l**2 - 9*l + 14. Suppose 2*b = -3*b + 40. Suppose -b = -m + 32. Calculate the remainder when m is divided by g(-9).
12
Suppose -h - 3*c - 8 = -3, -h - 4*c - 9 = 0. What is the remainder when 33 is divided by h?
5
Suppose 5*x - 6 + 1 = 0. Let k = x + -17. Let a = k + 51. What is the remainder when a is divided by 18?
17
Let z = -9 - -34. Suppose -5*u - 3*s - s = -46, 0 = 3*u + 5*s - z. What is the remainder when 2/(-5) - 184/(-10) is divided by u?
8
Let v = 4 + -2. Suppose 2*i + v*i - 8 = 0. Calculate the remainder when i is divided by 2.
0
Let a(j) = j**3 + 6*j**2 + 3*j - 6. Let b be a(-5). Let q(w) = 6*w - 8. Calculate the remainder when 46 is divided by q(b).
14
Let o(x) be the first derivative of -1 - 1/3*x**3 + 3*x - 3*x**2. What is the remainder when 22 is divided by o(-5)?
6
Suppose -h + 4*w + 21 = 0, h + 56 = 4*h - 5*w. Suppose 0 = -4*g - 3*a + 49, -4*g + 2*a + 17 + h = 0. What is the remainder when 17 is divided by g?
7
Let y be (3/6)/((-1)/2). Let j(b) = b**3 - 5*b**2 + 2*b + 3. What is the remainder when y - (-1 + 1 + -38) is divided by j(5)?
11
Suppose 48 = 4*w - w. Let x(b) = -b**3 - 2*b**2 + b. Let s be (3/(-1))/1*1. Calculate the remainder when w is divided by x(s).
4
Let k = -6 - -2. Calculate the remainder when 19 is divided by (-224)/(-24) - k/6.
9
Suppose 4*x - 588 + 80 = 0. Let s = x - 64. Let q = s - 38. Calculate the remainder when q is divided by 7.
4
Let k(s) = -3*s - 3. Let h be k(-2). Suppose 0 = -h*r + 3*q + 132, 0 = 5*r + 3*q + 2*q - 170. What is the remainder when r is divided by 14?
11
Let n be (15/(-2))/(-5)*2. Let r(a) = 7 - a + 4*a**2 - n*a**2 - 4*a. Calculate the remainder when r(5) is divided by 4.
3
Let t = 65 + -46. What is the remainder when t is divided by 11?
8
Let b be (24/(1*-3))/(-2). Let w(u) be the third derivative of u**5/60 - u**4/12 + u**3/6 + 4*u**2. What is the remainder when w(b) is divided by 6?
3
Suppose 0 = -6*z + 119 + 451. What is the remainder when z is divided by 32?
31
Suppose u + 4 = 5, -u + 5 = 2*b. Let w = 149 + -118. Calculate the remainder when w is divided by (b - (-19)/(-4))*-4.
9
Let s(k) = -7*k**2 + 3*k**2 + 3*k**2 + 7*k. Let r be s(4). Calculate the remainder when (1 + 2)*40/r is divided by 4.
2
Suppose -115 = -h - 4*h. Suppose h = 3*f + 2. Calculate the remainder when 11 is divided by f.
4
Let q(i) = i**3 + 7*i**2 + 6*i + 5. Let c be q(-6). Suppose -2*z = 5*o - 21 - 24, c*z = o - 36. What is the remainder when 31 is divided by o?
9
Let i(j) = -j**3 - 9*j**2 + 11. What is the remainder when 12 is divided by i(-9)?
1
Let x = 4 + 1. Let u = x - 1. Calculate the remainder when 19 is divided by u.
3
Let d(j) = j**3 - 6*j**2 + 11*j + 5. What is the remainder when d(5) is divided by 9?
8
Let l be (-8)/(-3) + 2/(-3). Suppose -l*q - q = -87. What is the remainder when q is divided by 15?
14
Let p = 93 + -29. What is the remainder when p is divided by 23?
18
Let m = -5 + 10. Calculate the remainder when 24 is divided by m.
4
Let t(o) = -2*o - 7. Suppose -2*p - 36 = 2*p. Suppose -y + r = y - 59, -2*y - 4*r = -74. What is the remainder when y is divided by t(p)?
9
Let v = -1 - -5. Suppose v*u + 5*y = 0, 2*u = 3*u - 5*y - 25. Calculate the remainder when 13 is divided by u.
3
Let l = 78 + -28. Calculate the remainder when l is divided by ((-26)/(-4))/(1/2).
11
Let u(n) = n**3 + 7*n**2 + 6*n + 4. Let k(s) = 70*s**2 + s. Calculate the remainder when k(1) is divided by u(-5).
23
Let t = -58 - -83. Suppose -2*v + 101 - t = 0. What is the remainder when v is divided by 10?
8
Let p = -73 - -214. Calculate the remainder when p is divided by 8.
5
Let i be (-6 + 8)*21/2. Suppose 3*o + 5*t = 24, -4*o + i = 5*t - 6. Let l(w) = -2*w - 1. What is the remainder when l(-2) is divided by o?
0
Suppose -2*z - 4*z = -726. What is the remainder when z is divided by 31?
28
Let h = -16 + 22. Let b = h + -4. Calculate the remainder when 18 is divided by 114/22 + b/(-11).
3
Calculate the remainder when (-21)/28 + 189/12 is divided by 4.
3
Suppose 0 = -7*k + 6*k + 50. What is the remainder when k is divided by 13?
11
Suppose 0 = -2*v - 3*v + 15. Suppose -v*h = 11 + 10. Let l = h + 17. What is the remainder when 28 is divided by l?
8
Suppose 4*u = 4*h + 48, -5*u + 0*h = 2*h - 67. What is the remainder when u is divided by 7?
6
Suppose -5*v + 3 = -107. Let f be (-22)/(-4)*4/(-2). Let x = f - -19. What is the remainder when v is divided by x?
6
Suppose -5*k + 23 + 9 = 4*x, -2*x - 3*k + 16 = 0. What is the remainder when 22 is divided by x?
6
What is the remainder when (-1 - (-2 - -2))/(13/(-1066)) is divided by 12?
10
Suppose 0 = 59*r - 57*r - 26. What is the remainder when 25 is divided by r?
12
Let o be (-4)/22 - (-320)/(-55). Let w be (-114)/22 + o/(-33). Let j = -3 - w. What is the remainder when j is divided by 2?
0
Let q be ((-33)/5)/((-6)/30). Suppose -5*c = s - 56, 5*c - s + 3*s = 57. Suppose -q = -4*w + c. What is the remainder when 32 is divided by w?
10
Let j = 80 - 43. Calculate the remainder when j is divided by 21.
16
Suppose -10 = -3*p + 20. Let j = -2 + p. What is the remainder when 11 is divided by j + 2/(-4)*4?
5
Suppose -72 = -x - 7*x. Calculate the remainder when x is divided by 3.
0
Suppose -2*w - l + 29 = 0, 40 - 13 = w + 3*l. Calculate the remainder when 32 is divided by w.
8
Let m(x) = -x**3 - 4*x**2 + 2*x - 2. Let h(z) = -z. Let t be h(5). Suppose 0 = 15*v - 24 - 81. What is the remainder when m(t) is divided by v?
6
Suppose 0 = 2*r, -k - r + 16 = -5. Calculate the remainder when k is divided by 4.
1
Suppose 4*t = -0*t + 156. Calculate the remainder when t/(-1 - -4) + 0 is divided by 5.
3
Suppose 8*c - 7*c - 4*y + 16 = 0, -2*c + 2*y = 2. Calculate the remainder when 21 is divided by c.
1
Suppose 2*i - 12 = 5*i. Suppose -4*k + 2*k + 8 = 0. What is the remainder when (-9)/6 + (-34)/i is divided by k?
3
What is the remainder when (28/(-42))/(4/(-174)) is divided by 6?
5
Let o be 0 + 2 + (-1 - 1). Let d(r) = r - 5. Let s be d(o). Let n(z) = -2*z - 3. Calculate the remainder when 12 is divided by n(s).
5
Let r(v) be the second derivative of 0 + 7*v**3 + 1/2*v**2 - 2*v. What is the remainder when r(1) is divided by 15?
13
Let o(r) = r**3 + 6*r**2 - 8*r - 1. Let p be o(-7). Suppose 2*c - 62 = p. Suppose -2*x = -c + 6. Calculate the remainder when 41 is divided by x.
13
Suppose 0 = 5*i - 5*v - 205 - 250, -4*i + 361 = -v. What is the r